(k) be the second derivative of -k**4/12 - 5*k**3/6 - 3*k**2/2 + 2*k - 36. Let p be (-12)/8*(-28)/(-21). What is x(p)?
3
Let l be (40/(-3))/(-4*2/180). Let r = l - 304. Let x(t) = -2*t - 7. Determine x(r).
1
Let z(c) = -c + 25. Let b be z(23). Suppose -4*v + a + 23 = -2*v, -38 = -3*v - b*a. Let u(x) = -24*x + 25*x + v - 3. Calculate u(-4).
5
Let m(f) = 254 + 9*f**3 - 14 - 239 - 7*f + 2*f**2 + 0*f**2. What is m(2)?
67
Let w(l) be the third derivative of 1/60*l**5 + 1/120*l**6 - 5/6*l**3 + 1/24*l**4 - 2*l**2 + 0 + 13*l. Give w(0).
-5
Let x(v) = 4*v + 28. Suppose -346*z + 34*z = 8424. Calculate x(z).
-80
Let x(q) = 9*q - 56. Let g = 992 + -986. What is x(g)?
-2
Let y(n) be the first derivative of -n**5/20 + 7*n**4/12 + 3*n**3/2 - 11*n**2/2 - 78*n + 77. Let l(r) be the first derivative of y(r). Determine l(8).
-3
Let x(k) = -42 - 52 - 8 + 83 - 3*k. Calculate x(-2).
-13
Let n(x) = -x + 4. Let w be n(3). Suppose l - 14 = u + 5*l, u - 4*l = 18. Let f(d) = -u*d - d - 1 + 2*d - 3*d. What is f(w)?
-5
Let o(b) be the first derivative of 54 - 2/3*b**3 + b**2 + b. Let d be 1*((-3)/3 - 0). Determine o(d).
-3
Let k(a) = a**2 - 17*a - 23. Let c(o) = -3*o**2 + 39*o + 44. Let p(s) = 2*c(s) + 5*k(s). What is p(-6)?
-21
Let j be (-1 - (-22)/(-5)) + (-28)/(-70). Let p(a) = -a**2 - 3*a + 7. Determine p(j).
-3
Let s(l) be the second derivative of -l**5/20 + l**4/12 + l**3/3 - l**2 - 13*l - 2. Let y = -12 + 14. Determine s(y).
-2
Let x(j) = 24*j + 10. Let f(n) = n**3 + 72*n**2 + 3*n + 215. Let b be f(-72). Give x(b).
-14
Let r(v) = -v**2 + 5*v - 4. Suppose 27 + 5 = -i + 5*u, 3*u = 12. Let y = i + 6. Let z be (10/(-12)*3)/(3/y). Determine r(z).
-4
Let s(q) = -q**2 - 6*q - 5. Suppose 16*l - 188 = 52. Suppose -2*a - l = g, -5*g = -4*a - 22 - 1. Determine s(a).
-12
Let x(f) = 7*f**2 - 102*f - 40. Let z be (-1380)/828 - 100/(-6). Give x(z).
5
Let i(c) = 5*c + 271. Let v = 656 + -712. Give i(v).
-9
Let h(z) be the second derivative of z**4/12 - 5*z**3/6 - 31*z**2/2 - 322*z + 1. Determine h(-7).
53
Let a(d) be the second derivative of -d**4/12 + 8*d**3/3 - 24*d**2 - d - 273. Calculate a(4).
0
Let h(u) = -4*u**2 + 12*u + 85. Let q(i) = 9*i**2 - 25*i - 171. Let o(y) = 5*h(y) + 2*q(y). Let k(t) be the first derivative of o(t). Determine k(4).
-6
Let l = 1704 - 1697. Let q(b) = -b**2 + 24*b - 132. What is q(l)?
-13
Let r(h) = -59446*h**2 - 43 + 15*h - 4*h + 59447*h**2. Determine r(4).
17
Let r(j) = j**3 - 9*j**2 + 11*j - 12. Let y(t) = t**3 - 13 + 8*t - 3*t**2 - t**2 + 3*t**2 - 4*t**2 + 5. Suppose 2*i + 4 = 12. Let q be y(i). Calculate r(q).
12
Suppose -3*k + 2*f - 187 = -163, k = -4*f + 34. Let m(n) = 3*n**2 + 8*n + 11. Give m(k).
7
Let b(y) = 5*y**2 - 28. Let u be b(6). Let k(p) = 0*p - p - 141 + u. Calculate k(0).
11
Suppose -28 = -g + 2*o, -7*g = -3*g - 3*o - 87. Let f(b) = b**2 - 21*b + 36. Calculate f(g).
-18
Let f(o) = -5 + 0*o**2 - o**2 + 7*o + 0*o**2. Suppose 4*z = -2*v + 462 - 430, -2*v + z = -12. What is f(v)?
-13
Suppose 0 = -2*o - 225 + 217. Let p(b) = -2*b**3 - 7*b**2 + 5*b + 4. Let d be p(o). Let x(u) = -u**3 + u + 17. Determine x(d).
17
Let p(m) = 53*m. Let w(o) = 374*o + 11. Let j(y) = 7*p(y) - w(y). Determine j(-4).
1
Let b = -2 + -2. Let u(l) = -5*l**2 + 7*l - 5. Let n(p) = -3*p**2 + 166*p - 3 - 335*p + 174*p. Let m(f) = -8*n(f) + 5*u(f). Determine m(b).
3
Let u = -807 + 813. Let r(j) = 1874*j - 3744*j - u + 1869*j. Calculate r(0).
-6
Let b = -396 + 405. Let w(d) be the third derivative of -d**5/60 + 5*d**4/12 - 5*d**3/2 + 11*d**2 + 2*d. What is w(b)?
-6
Let u(p) = p - 3*p**2 - 6 + 3 + 5*p + 6*p**2 + 2*p. Give u(-7).
88
Let s(n) = -2*n**2 + 16*n**2 + n**2 + 22*n + 20 - 14*n**2. Calculate s(-14).
-92
Let f(x) = -2*x**3 - 3*x**2 + 9*x - 4. Let p be f(1). Let o(v) be the second derivative of 1/4*v**4 + 3/2*v**2 - 14*v - 1/2*v**3 - 1/20*v**5 + p. What is o(3)?
-6
Let x(z) = -17*z - 38. Let s be x(-3). Let i be (s - 10)/(1 + (-10)/16). Let r(d) = -d + 12. Determine r(i).
4
Let p = 266 + -264. Let d(o) be the second derivative of 1/12*o**4 + p*o + 1/2*o**2 + 0*o**3 + 0. Calculate d(2).
5
Let c(a) = -6*a**3 + 102*a**2 + a - 14. Let l be c(17). Let u(r) = -7*r + 3. Calculate u(l).
-18
Let b(v) = -9*v**2 + 6*v + 1737*v**3 - 6 - 2 - 1738*v**3 + 10*v**2. What is b(3)?
-8
Let c(s) = -4 + 2 + s + 2*s + s**2. Suppose -15*h + 364 = -45*h - 61*h. Give c(h).
2
Let x be ((22/(-3))/2)/(2/(-6)). Let j(p) = -p**2 + 14*p - 31. Let m be j(x). Let g(o) = -2*o**2 + 2*o - 2. Calculate g(m).
-6
Let u(w) = -106*w + 0*w**2 - 2*w**3 + 98*w - 8*w**2. Let o be u(-5). Let b(l) = -o*l - 80*l + 166*l - 2. What is b(-3)?
10
Suppose 0 = -1465*q + 1480*q - 60. Let i(r) = -6*r**2 - 7*r + 7. What is i(q)?
-117
Let o(v) = 19*v + 300. Let p be o(-15). Let r(d) = d**3 - 14*d**2 - 18*d + 28. What is r(p)?
-17
Let a(h) be the third derivative of -5*h**4/12 - 59*h**3/6 + 7683*h**2. Determine a(-11).
51
Let l(j) = j**2 - 7*j + 7. Let i = -4027 - -4032. Determine l(i).
-3
Suppose 148*h = 152*h - 8. Let y(a) = 4*a**2 + 5*a**h + 6*a - 4 - 4*a**2 + a**3 - 5*a. Suppose 6 = -2*g - 4. What is y(g)?
-9
Suppose 0 = -5*y - 992 - 1223. Let q = -447 - y. Let f(g) = g**3 + 3*g**2 + g + 5. Determine f(q).
-15
Let h(c) = 23*c**2 - c. Let o(j) = 18*j**2 - 9*j + 33. Let u be o(5). Let r = u - 439. What is h(r)?
24
Let n(q) = q**2 + 3*q + 3. Let i(b) = -2*b**3 - 7*b**2 + 3*b - 21. Let o be i(-6). Let a = o - 144. What is n(a)?
3
Let d be (6 - (-3)/(-1))*1. Let s(j) = 8 - j - j**3 + 2*j**2 - d - 8*j + 12*j. What is s(4)?
-15
Let w(a) = 11*a**2 + 17 - 7 + 7*a**2 - 2*a - 25*a**2. Let u(s) = 5*s**2 + s - 8. Let q(j) = -4*u(j) - 3*w(j). Give q(-3).
5
Let c(s) = -s**3 - 15*s**2 + s + 328. Let j be c(-13). Let v(b) = -8*b - 190. Determine v(j).
-6
Let i = -46 + 50. Let k(g) = -2*g**3 - g**2 + 1. Let a(h) = 9*h**3 + 12*h**2 + 3. Let l(t) = i*k(t) + a(t). Calculate l(-8).
7
Let i(p) be the second derivative of -p**4/12 - p**3/2 - p**2/2 - 2*p. Let o = -396 + 842. Let h = o - 449. Calculate i(h).
-1
Let b(a) = 3*a**2 - 2*a - 2. Let m(y) = -13*y - 17. Let t be m(-2). Suppose 12*k - 6 = t*k. Calculate b(k).
6
Let a(t) be the third derivative of t**7/1260 + t**6/72 - t**5/30 - t**2. Let y(m) be the third derivative of a(m). Suppose -221*v = -233*v - 84. Give y(v).
-18
Suppose 3*i = -5*j - i + 36, 0 = 4*j + i - 20. Suppose 0 = 4*h + 3*d - 23, 3*h + 0*d + 14 = j*d. Let g(y) = -7*y + y + 3*y. Calculate g(h).
-6
Let g(r) = -9*r + 54. Let o(x) = 2*x**3 + 31*x**2 + 32*x - 134. Let v be o(-14). Determine g(v).
0
Let t(o) = -331 - 383 + 753 + 236*o - 76*o - 86*o - 76*o. Suppose 0 = l + 1 - 17. What is t(l)?
7
Let b(p) = 7*p - 3. Let n = 61 + -57. Let d be 9/n*(-120)/(-45). Suppose 3*y - d = 5*o, 0 = 3*y + 5*o - 6. Determine b(y).
11
Let r(k) = 2*k - 3. Suppose -s + 141 = 70. Let j = 75 - s. Calculate r(j).
5
Let f(i) = 5*i - 4*i - 5 - 2*i. Let z = -2166 - -2162. Calculate f(z).
-1
Let l(f) = -13 - 6*f**3 + 5*f**3 - 11*f + 0*f - 11*f**2 + 0*f. Let t be l(-10). Let a(j) = j**3 + 6*j**2 + 4*j + 4. Give a(t).
19
Suppose 2*s + s + 4*i - 13 = 0, -8 = -3*s + i. Suppose 28 = s*x - 56. Let g be x/5 - (-10)/25. Let b(t) = -t**2 + 6*t - 7. Determine b(g).
-7
Let s be 33 + -43 - (-19 + (-3 - 2)). Let j(b) = b**3 - 10*b**2 - 48*b - 103. Determine j(s).
9
Let q(z) be the third derivative of -z**5/30 + z**4/24 + 7*z**3/6 - 1411*z**2. Calculate q(4).
-21
Let f(m) = -4*m - 1. Let c be (-221)/(-68) + 1/(-4). Let w be (-3 - 48)/3 + c. Let p(o) = o**3 + 14*o**2 + 1. Let d be p(w). What is f(d)?
-5
Let x(v) = -4*v**2 - 11*v**2 + 3 + v**3 + 7*v + 7*v**2. Let i be x(7). Suppose i*z = -z + 4. Let m(f) = 3*f. What is m(z)?
3
Let i = -71 - -65. Let r(n) be the second derivative of -n**5/20 - 5*n**4/12 + n**3 + 2*n**2 - 967*n - 1. What is r(i)?
4
Let v(d) = 5 - d - d + 4 - 2. Let l be 116 + 2 - -4*(-2 - -1). Suppose 8*m + 11*m = l. What is v(m)?
-5
Let f(a) = -a**3 + 7*a**2 - 7*a + 8. Suppose 5*k + 18 = 1693. Let c = 341 - k. What is f(c)?
2
Let f(a) = a + 5. Let q = 31 + -35. Let u be q/18 - (-76)/342. Calculate f(u).
5
Let a = 5752 - 5747. Let o(r) = 13*r - 62. Give o(a).
3
Let u(i) = -i**3 - 12*i**2 + 154*i + 1800. Let d be u(-11). Let z(t) = 6*t**2 + 90*t + 10. Give z(d).
10
Suppose -k = 3*f, 36 = k - 6*k + 3*f. Let v(z) = -11*z - 59. Give v(k).
7
Let i be (-1*